s the remainder when v is divided by 22?
20
Suppose -b + 92 = 3*b. Suppose -5*h + a + b = 0, -5*h - 4*a + 10 = 2. What is the remainder when (12/4 - 10)/(-1) is divided by h?
3
Let r(j) = -j**3 + 8*j**2 - 11*j. What is the remainder when 117 is divided by r(4)?
17
Calculate the remainder when 37 is divided by 10/(-75) - (-424)/30.
9
Suppose 4*k - 2*b = -b + 53, 5*k + 3*b - 79 = 0. What is the remainder when 53 is divided by k?
11
Let k(o) = 3*o - 5. What is the remainder when 20 is divided by k(4)?
6
Calculate the remainder when (4 - 55/(-10))/(1/6) is divided by 30.
27
Suppose 5*o = q + 2*q - 76, 5*o + 64 = -3*q. Let x(b) = -b**3 - 13*b**2 + 14*b + 21. Calculate the remainder when 81 is divided by x(o).
18
Let l = 0 - -1. Suppose j + l - 6 = 0. Suppose -3*p + 2*w + 5 + 4 = 0, -j*p - 4*w = -37. What is the remainder when 14 is divided by p?
4
Let n = 5 - 21. Let c = n + 31. Suppose 0 = -h + 3*h - 5*q - 27, 0 = -5*q - c. Calculate the remainder when 17 is divided by h.
5
Suppose 37 + 2 = 3*u. Let r(c) be the third derivative of c**4/6 + 5*c**3/3 + 2*c**2. Calculate the remainder when r(7) is divided by u.
12
Suppose g + 17 + 4 = 4*h, -g - 1 = 0. Let o(f) = -f**3 + 6*f**2 + f - 4. Calculate the remainder when h is divided by o(6).
1
Calculate the remainder when (-7)/(28/(-16)) - -33 is divided by 10.
7
Let r = 157 - -6. Calculate the remainder when r is divided by 33.
31
Let v(n) = n + 4. Let x be 4/(-10) + 34/10. Suppose q - 9 + x = 0. Calculate the remainder when 19 is divided by v(q).
9
Suppose 2 = g, 3*v - 2*g - 39 = g. Calculate the remainder when 72 is divided by v.
12
Suppose -2*y - v = -12 - 7, 2*y - 3*v - 7 = 0. Let r(m) = -4*m**2 + 2*m - 3. Let a be r(4). Let h = a + 82. Calculate the remainder when h is divided by y.
7
Let f(m) = -23*m - 44. What is the remainder when f(-6) is divided by 19?
18
Let y(o) = o**2 - 5*o + 1. Let q be y(6). Suppose -h - q = -18. Calculate the remainder when 32 is divided by h.
10
Suppose 2*a - 24 - 38 = 0. Suppose 2*v - 5 = a. Let i(d) = -d**3 + 6*d**2 + d + 4. What is the remainder when v is divided by i(6)?
8
Calculate the remainder when 32 is divided by 12/(-7)*(-273)/26.
14
Let w(q) = q**3 + 7*q**2 - 10*q + 6. Calculate the remainder when (2 + 69/(-2))*-2 is divided by w(-8).
21
Let u(n) = -57*n**2 + 3*n - 4. Let r(k) = -114*k**2 + 5*k - 7. Let l(q) = -3*r(q) + 5*u(q). Calculate the remainder when l(-1) is divided by 15.
13
Let s(c) = c**2 + 5*c - 13. Let i be s(-7). Suppose v = 3 - i. What is the remainder when 3 is divided by v?
1
Let k be (-444)/8 - 3/6. Let b = 81 + k. Suppose -1 = -y, -40 = o - 4*o - y. What is the remainder when b is divided by o?
12
Let v be (-75)/(-4) + (-2)/(-8). Let i(s) = -s**3 + 19*s**2 - s + 22. Calculate the remainder when 10 is divided by i(v).
1
Suppose -5*p + 19 = -6. Suppose 3*u + 0*u = 36. Calculate the remainder when u is divided by p.
2
Suppose 0 = 2*y - 10 + 4. Suppose 65 = 2*x + g, -y = -x - 4*g + 19. Calculate the remainder when x is divided by 9.
7
Suppose 2*h - 48 = -4. Calculate the remainder when h is divided by 9.
4
What is the remainder when ((-24)/16)/(2/(-32)) is divided by 5?
4
Suppose 0 = -8*k - 97 + 377. What is the remainder when 102 is divided by k?
32
Let r = -24 - -40. Let t = r + -13. Calculate the remainder when t is divided by 2.
1
Suppose 12 = -v + 24. What is the remainder when 42 is divided by v?
6
Let k(u) = -10*u**3. Suppose 3*w - 14 = -2. What is the remainder when k(-1) is divided by w?
2
Let y be 3 - (0 - -3)/(-3). Suppose y*x - 24 = 4. Calculate the remainder when x is divided by 3.
1
Let f(m) = 8*m + 2*m**2 + 4 + 0*m + m. Calculate the remainder when f(-6) is divided by 12.
10
What is the remainder when 96 is divided by -7 - (-1 + -2) - (-53 - 0)?
47
What is the remainder when 108 is divided by (0 + 37)*(0 - -1)?
34
Let b(a) = -115*a**3 - 2*a - 1. What is the remainder when b(-1) is divided by 39?
38
Let j = 9 + 1. Suppose 45 = 5*u - 145. Calculate the remainder when u is divided by j.
8
Let u = 1 - 1. Let l(r) = -4*r - 2 + u + 5*r. What is the remainder when l(5) is divided by 2?
1
Let p be ((-20)/12)/((-2)/6). Suppose p*i + 3 - 33 = 0. What is the remainder when 17 is divided by i?
5
Suppose -b + 50 = -m, 3*b - 5*m - 91 = b. Calculate the remainder when b is divided by (-10)/(-50) + 89/5.
17
Suppose 3*j = v + 17, -21 = -4*j - 0*v + v. Let a = 5 - 3. Calculate the remainder when 2/a*14/2 is divided by j.
3
Let x(l) = -l**2 + l + 1. Let z(p) = -6*p**2 + 5*p + 6. Suppose -8 = -2*u - 0. Let o(d) = u*x(d) - z(d). Calculate the remainder when o(2) is divided by 2.
0
Let q(u) = u**2 - 5*u - 9. Let o be q(8). Let i = -8 + o. Let b(g) = -g**2 + 4*g + 4. Calculate the remainder when i is divided by b(4).
3
Suppose -2*s = -2*w - 5*s + 10, -3*w - 4*s + 13 = 0. What is the remainder when w/(-2 - (-45)/24) is divided by (-4)/(-10) + 13/5?
2
Let d = -54 + 115. Let k be (1 + 1)/1 + 34. Let x = d - k. Calculate the remainder when x is divided by 9.
7
Let r = 131 + -109. Calculate the remainder when r is divided by 2.
0
Suppose 6 = -6*m + 54. Suppose -x - 4 = -4*q, -3*x + 0*x + 2*q = -8. What is the remainder when m is divided by ((-6)/x)/(2/(-4))?
2
Let t(m) = -2*m**2 + 15*m - 1. What is the remainder when 91 is divided by t(5)?
19
Suppose -2*n + 0*n = -3*q + 15, n - 3 = -2*q. What is the remainder when 74 is divided by 18 + (0 - 2 - n)?
17
Let s be 14/(-4)*4/(-7). Suppose 5*n = 33 + 67. What is the remainder when n is divided by 215/20 + s/8?
9
Let g(t) = t + 19. Suppose 5*p + 4*a = 197, 6*p + 3*a - 83 = 4*p. Calculate the remainder when p is divided by g(0).
18
Suppose q - 11 = -2*n, 14 = 2*q - 0*n + 2*n. Calculate the remainder when 7 is divided by q.
1
Let m(q) = q**2 + 2*q - 3. Let k be m(-4). Suppose 0*h = k*h + 4*o - 159, -5*h = -3*o - 152. What is the remainder when 90 is divided by h?
28
Suppose -d = -4*d + 6. Calculate the remainder when 3 is divided by d.
1
Let m be 16 - 10 - (2 - 1). Suppose -m*v - 57 = -2*p, 0 = -5*p - v + 100 - 25. Calculate the remainder when p is divided by -1*2 - 2*-4.
4
Let q = -51 - -171. Calculate the remainder when q is divided by 31.
27
Let t(o) = o**3 + 11*o**2 + 11*o + 12. Let i be t(-10). Suppose 10 = 2*d - i. Calculate the remainder when 9 is divided by d.
3
Let j = -7 + 54. Suppose -3*r = -3*n + 3, -2*r - n = r - 1. Suppose 5*h + 0*h - 60 = r. What is the remainder when j is divided by h?
11
Suppose 8 = 3*k - 1. What is the remainder when 5 is divided by 20/12 + 1/k?
1
Calculate the remainder when -4 + 0/5 - -2 - -69 is divided by 29.
9
Suppose -5*m = -138 - 177. What is the remainder when m is divided by 14*(648/63)/9?
15
Suppose 0 = -i + 3*g, 2*i - 7 = -i + 2*g. Suppose 3*l - 3*f - 24 = 0, i*f - 91 = -4*l - 24. Calculate the remainder when 36 is divided by l.
10
Let s be (1/3)/((-1)/(-12)). Suppose -s*u - 2 = -6. Suppose 31 + u = 4*j. Calculate the remainder when j is divided by 3.
2
What is the remainder when 21 is divided by (-33)/6*(-6)/((-9)/(-3))?
10
Suppose 2*f - 3*f + 46 = -b, 0 = -3*f + 4*b + 137. Let p = f - 30. Calculate the remainder when 33 is divided by p.
16
Let m(s) = -18*s + 5. Calculate the remainder when m(-3) is divided by 15.
14
Suppose 5*s - 49 = 116. What is the remainder when s is divided by 17?
16
Let g = -73 - -172. Calculate the remainder when g is divided by 34.
31
Let g(i) = i - i + 4 - 7*i - i**2. What is the remainder when g(-7) is divided by 1/(-1) + 27/9?
0
Suppose 5*p = 4 + 6. Suppose -2*w - 3 = 2*s + 1, -4*w = -p*s + 20. Calculate the remainder when 5 is divided by s.
1
Let k = 74 + -25. Calculate the remainder when k is divided by 13.
10
Let a(n) = 5 - 3*n**3 - 3*n**3 - 4. Let o = -16 + 35. What is the remainder when o is divided by a(-1)?
5
Let j be 2/(-1*(-2)/37). Let a = j + -23. Let z = 411 - 406. What is the remainder when a is divided by z?
4
Let a(b) = b**3 + 6*b**2 - 6*b - 6. Let g(n) = -n + 10. Calculate the remainder when a(-5) is divided by g(-7).
15
Let w(z) = -4*z**2 - z**2 - 5 + 12*z**2 - 2*z - z**3. Let p be w(5). Let r = p - 20. Calculate the remainder when r is divided by 4.
3
Suppose -39 = -2*g + 5*s, 0 = -5*g + 5*s + 3 + 72. What is the remainder when 32 is divided by g?
8
Let f(n) = -n**3 + 3*n**2 + 4. Let t = 7 + -4. Let c be f(t). Suppose c*u 